{"id":45,"date":"2015-02-02T00:05:56","date_gmt":"2015-02-01T23:05:56","guid":{"rendered":"http:\/\/www.sarivanbrug.nl\/harpiste\/?page_id=45"},"modified":"2025-11-16T13:28:30","modified_gmt":"2025-11-16T12:28:30","slug":"harplessen","status":"publish","type":"page","link":"https:\/\/www.sarivanbrug.nl\/harpiste\/harplessen\/","title":{"rendered":"Harples"},"content":{"rendered":"<p style=\"text-align: left;\">Bent u ge\u00efnteresseerd in de harp en bent u op zoek naar lessen? Sari heeft nog plaats voor enkele leerlingen. De allerkleinsten kunnen kennis maken met de troubadourharp. Verder wordt er les gegeven op de Keltische hakenharp of de Dubbelpedaalharp. U kunt voor harples terecht in Amsterdam-Noord, -Zuidoost en Almere. De priv\u00e9les duurt 30 of 45 minuten en wordt \u00e9\u00e9n keer per week of minimaal om de week gegeven. De volgende onderdelen worden in de lessen behandeld:<\/p>\n<ul>\n<li>notenlezen<\/li>\n<li>muziektheorie<\/li>\n<li>geschiedenis van de harp<\/li>\n<li>techniek\/etude<\/li>\n<li>sololiedjes (klassiek, eigentijdse muziek en jazz)<\/li>\n<li>samenspelen<\/li>\n<li>improviseren \/ eigen liedje maken<\/li>\n<\/ul>\n<p><strong>Les-schema:<\/strong><\/p>\n<table style=\"height: 169px;\" width=\"755\">\n<tbody>\n<tr>\n<td width=\"205\"><a href=\"https:\/\/www.ckvalmere.nl\/muziek-en-zang\/harp-les\/\">CKV Almere<\/a><\/td>\n<td width=\"205\">Almere<\/td>\n<td width=\"205\">maandag<\/td>\n<\/tr>\n<tr>\n<td width=\"205\"><a href=\"https:\/\/www.ckvalmere.nl\/muziek-en-zang\/harp-les\/\">CKV Almere<\/a><\/td>\n<td width=\"205\">Almere<\/td>\n<td width=\"205\">dinsdag<\/td>\n<\/tr>\n<tr>\n<td width=\"205\"><a href=\"https:\/\/goo.gl\/maps\/VyK9VtShDckhcNj8A\">Eigen Harp Studio<\/a><\/td>\n<td width=\"205\">Amsterdam Noord<\/td>\n<td width=\"205\">woensdag<\/td>\n<\/tr>\n<tr>\n<td width=\"205\"><a href=\"https:\/\/goo.gl\/maps\/VyK9VtShDckhcNj8A\">Eigen Harp Studio<\/a><\/td>\n<td width=\"205\">Amsterdam Noord<\/td>\n<td width=\"205\">donderdag (ochtend &amp;\u00a0 \u00a0 avond)<\/td>\n<\/tr>\n<tr>\n<td width=\"205\"><a href=\"https:\/\/muziekcentrumzuidoost.nl\/sari-van-brug\/\">Muziekcentrum Zuidoost<\/a><\/td>\n<td width=\"205\">Amsterdam-Zuidoost<\/td>\n<td width=\"205\">donderdag (middag)<\/td>\n<\/tr>\n<\/tbody>\n<\/table>\n<p><strong>Lessen en lesgeld:<\/strong><\/p>\n<p>Een proefles (eenmalig) ter kennismaking (30 minuten) is mogelijk voor \u20ac 10,00<\/p>\n<table>\n<tbody>\n<tr>\n<td width=\"307\">\n<ul>\n<li><em><strong>Amsterdam-Noord<\/strong><\/em><\/li>\n<\/ul>\n<p><em>(een lessenkaart is 6 maanden geldig)<\/em><\/p>\n<\/td>\n<td width=\"307\">\u00a0<\/td>\n<\/tr>\n<tr>\n<td width=\"307\">\n<p><em>Tot 21 jaar<\/em><\/p>\n<\/td>\n<td width=\"307\">\n<p><em>Vanaf 21 jaar (incl. 21% BTW)<\/em><\/p>\n<\/td>\n<\/tr>\n<tr>\n<td width=\"307\"><em>\u00a0<\/em><\/td>\n<td width=\"307\"><em>\u00a0<\/em><\/td>\n<\/tr>\n<tr>\n<td width=\"307\">\u00a0<\/td>\n<td width=\"307\">\n<p><em>10-lessenkaart<\/em><\/p>\n<p>30 minuten \u00a0\u20ac 310,00<\/p>\n<p>45 minuten \u00a0\u20ac 450,00<\/p>\n<p>&#8211;<\/p>\n<p><em>6-lessenkaart<\/em><\/p>\n<p>30 minuten \u00a0\u20ac 198,00\u00a0<\/p>\n<p>45 minuten \u00a0\u20ac 282,00<\/p>\n<\/td>\n<\/tr>\n<tr>\n<td width=\"307\">\u00a0<\/td>\n<td width=\"307\">\n<p><em>Losse lessen<\/em><\/p>\n<p>30 minuten \u00a0\u20ac 34,50<\/p>\n<p>45 minuten \u00a0\u20ac 48,50<\/p>\n<\/td>\n<\/tr>\n<tr>\n<td width=\"307\">\n<ul>\n<li><strong>Amsterdam-Zuidoost MZO<\/strong><\/li>\n<\/ul>\n<\/td>\n<td width=\"307\">\u00a0<\/td>\n<\/tr>\n<tr>\n<td width=\"307\">\n<p><em>Tot 21 jaar<\/em><\/p>\n<\/td>\n<td width=\"307\">\n<p><em>Vanaf 21 jaar (incl. 21% BTW)<\/em><\/p>\n<\/td>\n<\/tr>\n<tr>\n<td width=\"307\">\n<p>per les<\/p>\n<p>30 minuten \u20ac 31,00<\/p>\n<p>45 minuten \u20ac 45,00<\/p>\n<\/td>\n<td width=\"307\">\n<p>per les<\/p>\n<p>30 minuten \u20ac 37,50<\/p>\n<p>&#8211;<\/p>\n<\/td>\n<\/tr>\n<\/tbody>\n<\/table>\n\n\n<p><\/p>\n","protected":false},"excerpt":{"rendered":"<p>Bent u ge\u00efnteresseerd in de harp en bent u op zoek naar lessen? Sari heeft nog plaats voor enkele leerlingen. De allerkleinsten kunnen kennis maken met de troubadourharp. Verder wordt er les gegeven op de Keltische hakenharp of de Dubbelpedaalharp. &hellip; <a href=\"https:\/\/www.sarivanbrug.nl\/harpiste\/harplessen\/\">Vervolgd<\/a><\/p>\n","protected":false},"author":2,"featured_media":0,"parent":0,"menu_order":4,"comment_status":"closed","ping_status":"closed","template":"","meta":{"kt_blocks_editor_width":"","footnotes":""},"class_list":["post-45","page","type-page","status-publish","hentry"],"_links":{"self":[{"href":"https:\/\/www.sarivanbrug.nl\/harpiste\/wp-json\/wp\/v2\/pages\/45","targetHints":{"allow":["GET"]}}],"collection":[{"href":"https:\/\/www.sarivanbrug.nl\/harpiste\/wp-json\/wp\/v2\/pages"}],"about":[{"href":"https:\/\/www.sarivanbrug.nl\/harpiste\/wp-json\/wp\/v2\/types\/page"}],"author":[{"embeddable":true,"href":"https:\/\/www.sarivanbrug.nl\/harpiste\/wp-json\/wp\/v2\/users\/2"}],"replies":[{"embeddable":true,"href":"https:\/\/www.sarivanbrug.nl\/harpiste\/wp-json\/wp\/v2\/comments?post=45"}],"version-history":[{"count":49,"href":"https:\/\/www.sarivanbrug.nl\/harpiste\/wp-json\/wp\/v2\/pages\/45\/revisions"}],"predecessor-version":[{"id":665,"href":"https:\/\/www.sarivanbrug.nl\/harpiste\/wp-json\/wp\/v2\/pages\/45\/revisions\/665"}],"wp:attachment":[{"href":"https:\/\/www.sarivanbrug.nl\/harpiste\/wp-json\/wp\/v2\/media?parent=45"}],"curies":[{"name":"wp","href":"https:\/\/api.w.org\/{rel}","templated":true}]}}